{"id":175,"date":"2020-12-19T23:25:00","date_gmt":"2020-12-19T22:25:00","guid":{"rendered":"http:\/\/hckadan.42web.io\/?page_id=175"},"modified":"2025-10-05T20:07:49","modified_gmt":"2025-10-05T18:07:49","slug":"benjaminci","status":"publish","type":"page","link":"https:\/\/hckadan.cz\/index.php\/https-hckadan-cz-index-php-tymy-muzi\/benjaminci\/","title":{"rendered":"Benjam\u00ednci"},"content":{"rendered":"\n<h3 class=\"wp-block-heading\">Tren\u00e9\u0159i:<\/h3>\n\n\n\n<figure class=\"wp-block-table alignleft is-style-regular\"><table><thead><tr><th class=\"has-text-align-center\" data-align=\"center\">Jm\u00e9no<\/th><th class=\"has-text-align-center\" data-align=\"center\">Funkce<\/th><th class=\"has-text-align-center\" data-align=\"center\">Mail<\/th><\/tr><\/thead><tbody><tr><td class=\"has-text-align-center\" data-align=\"center\">Pavl\u00edna Hr\u00e1sk\u00e1<\/td><td class=\"has-text-align-center\" data-align=\"center\">tren\u00e9r<\/td><td class=\"has-text-align-center\" data-align=\"center\">pavlina.hraska@seznam.cz<\/td><\/tr><tr><td class=\"has-text-align-center\" data-align=\"center\">Lenka Posp\u00ed\u0161ilov\u00e1<\/td><td class=\"has-text-align-center\" data-align=\"center\">tren\u00e9r<\/td><td class=\"has-text-align-center\" data-align=\"center\">lenka.pospisilova2331@seznam.cz<\/td><\/tr><tr><td class=\"has-text-align-center\" data-align=\"center\">Luk\u00e1\u0161 Le\u017eal<\/td><td class=\"has-text-align-center\" data-align=\"center\">tren\u00e9r<\/td><td class=\"has-text-align-center\" data-align=\"center\">luky.lezal10@gmail.com<\/td><\/tr><\/tbody><\/table><\/figure>\n\n\n\n<p><\/p>\n","protected":false},"excerpt":{"rendered":"<p>Tren\u00e9\u0159i: Jm\u00e9no Funkce Mail Pavl\u00edna Hr\u00e1sk\u00e1 tren\u00e9r pavlina.hraska@seznam.cz Lenka Posp\u00ed\u0161ilov\u00e1 tren\u00e9r lenka.pospisilova2331@seznam.cz Luk\u00e1\u0161 Le\u017eal tren\u00e9r [&hellip;]<\/p>\n","protected":false},"author":1,"featured_media":0,"parent":130,"menu_order":0,"comment_status":"closed","ping_status":"closed","template":"","meta":{"ngg_post_thumbnail":0,"footnotes":""},"class_list":["post-175","page","type-page","status-publish","hentry"],"_links":{"self":[{"href":"https:\/\/hckadan.cz\/index.php\/wp-json\/wp\/v2\/pages\/175","targetHints":{"allow":["GET"]}}],"collection":[{"href":"https:\/\/hckadan.cz\/index.php\/wp-json\/wp\/v2\/pages"}],"about":[{"href":"https:\/\/hckadan.cz\/index.php\/wp-json\/wp\/v2\/types\/page"}],"author":[{"embeddable":true,"href":"https:\/\/hckadan.cz\/index.php\/wp-json\/wp\/v2\/users\/1"}],"replies":[{"embeddable":true,"href":"https:\/\/hckadan.cz\/index.php\/wp-json\/wp\/v2\/comments?post=175"}],"version-history":[{"count":4,"href":"https:\/\/hckadan.cz\/index.php\/wp-json\/wp\/v2\/pages\/175\/revisions"}],"predecessor-version":[{"id":2063,"href":"https:\/\/hckadan.cz\/index.php\/wp-json\/wp\/v2\/pages\/175\/revisions\/2063"}],"up":[{"embeddable":true,"href":"https:\/\/hckadan.cz\/index.php\/wp-json\/wp\/v2\/pages\/130"}],"wp:attachment":[{"href":"https:\/\/hckadan.cz\/index.php\/wp-json\/wp\/v2\/media?parent=175"}],"curies":[{"name":"wp","href":"https:\/\/api.w.org\/{rel}","templated":true}]}}