{"id":227,"date":"2020-12-20T00:22:13","date_gmt":"2020-12-19T23:22:13","guid":{"rendered":"http:\/\/hckadan.42web.io\/?page_id=227"},"modified":"2020-12-29T12:32:59","modified_gmt":"2020-12-29T11:32:59","slug":"partneri","status":"publish","type":"page","link":"https:\/\/hckadan.cz\/index.php\/partneri\/","title":{"rendered":"Partne\u0159i"},"content":{"rendered":"\n<p>D\u011bkujeme V\u00e1m za podporu!<\/p>\n\n\n\n<figure class=\"wp-block-table is-style-regular\"><table><tbody><tr><td><img loading=\"lazy\" decoding=\"async\" width=\"150\" height=\"53\" class=\"wp-image-559\" style=\"width: 150px;\" src=\"http:\/\/hckadan.cz\/wp-content\/uploads\/2020\/12\/petrom-logo.png\" alt=\"\" srcset=\"https:\/\/hckadan.cz\/wp-content\/uploads\/2020\/12\/petrom-logo.png 240w, https:\/\/hckadan.cz\/wp-content\/uploads\/2020\/12\/petrom-logo-128x45.png 128w, https:\/\/hckadan.cz\/wp-content\/uploads\/2020\/12\/petrom-logo-32x11.png 32w\" sizes=\"auto, (max-width: 150px) 100vw, 150px\" \/><\/td><td class=\"has-text-align-center\" data-align=\"center\"><a href=\"http:\/\/www.petromstavby.cz\/\"><br>PETROM stavby a.s.<\/a><\/td><\/tr><tr><td><img loading=\"lazy\" decoding=\"async\" width=\"150\" height=\"53\" class=\"wp-image-558\" style=\"width: 150px;\" src=\"http:\/\/hckadan.cz\/wp-content\/uploads\/2020\/12\/logo3.png\" alt=\"\" srcset=\"https:\/\/hckadan.cz\/wp-content\/uploads\/2020\/12\/logo3.png 800w, https:\/\/hckadan.cz\/wp-content\/uploads\/2020\/12\/logo3-300x105.png 300w, https:\/\/hckadan.cz\/wp-content\/uploads\/2020\/12\/logo3-768x269.png 768w, https:\/\/hckadan.cz\/wp-content\/uploads\/2020\/12\/logo3-128x45.png 128w, https:\/\/hckadan.cz\/wp-content\/uploads\/2020\/12\/logo3-32x11.png 32w\" sizes=\"auto, (max-width: 150px) 100vw, 150px\" \/><\/td><td class=\"has-text-align-center\" data-align=\"center\"><a href=\"https:\/\/www.ktkadan.cz\/\"><br>Internet &#8211; Televize &#8211; R\u00e1dio | KT Kada\u0148<\/a><\/td><\/tr><tr><td><img loading=\"lazy\" decoding=\"async\" width=\"50\" height=\"50\" class=\"wp-image-556\" style=\"width: 50px;\" src=\"http:\/\/hckadan.cz\/wp-content\/uploads\/2020\/12\/logo.png\" alt=\"\" srcset=\"https:\/\/hckadan.cz\/wp-content\/uploads\/2020\/12\/logo.png 88w, https:\/\/hckadan.cz\/wp-content\/uploads\/2020\/12\/logo-32x32.png 32w\" sizes=\"auto, (max-width: 50px) 100vw, 50px\" \/><\/td><td class=\"has-text-align-center\" data-align=\"center\"><a href=\"http:\/\/www.ukarla-kadan.cz\/en\/\">Pension &amp; Restaurant U Karla IV.<\/a><\/td><\/tr><tr><td><img loading=\"lazy\" decoding=\"async\" width=\"150\" height=\"57\" class=\"wp-image-555\" style=\"width: 150px;\" src=\"http:\/\/hckadan.cz\/wp-content\/uploads\/2020\/12\/logo-1.png\" alt=\"\" srcset=\"https:\/\/hckadan.cz\/wp-content\/uploads\/2020\/12\/logo-1.png 230w, https:\/\/hckadan.cz\/wp-content\/uploads\/2020\/12\/logo-1-128x49.png 128w, https:\/\/hckadan.cz\/wp-content\/uploads\/2020\/12\/logo-1-32x12.png 32w\" sizes=\"auto, (max-width: 150px) 100vw, 150px\" \/><\/td><td class=\"has-text-align-center\" data-align=\"center\"><a href=\"https:\/\/www.joy-sports.cz\/\">JOY SPORTS<\/a><\/td><\/tr><tr><td><img loading=\"lazy\" decoding=\"async\" width=\"150\" height=\"57\" class=\"wp-image-551\" style=\"width: 150px;\" src=\"http:\/\/hckadan.cz\/wp-content\/uploads\/2020\/12\/arla_logo.png\" alt=\"\" srcset=\"https:\/\/hckadan.cz\/wp-content\/uploads\/2020\/12\/arla_logo.png 215w, https:\/\/hckadan.cz\/wp-content\/uploads\/2020\/12\/arla_logo-128x48.png 128w, https:\/\/hckadan.cz\/wp-content\/uploads\/2020\/12\/arla_logo-32x12.png 32w\" sizes=\"auto, (max-width: 150px) 100vw, 150px\" \/><\/td><td class=\"has-text-align-center\" data-align=\"center\"><a href=\"https:\/\/www.arlaplast.com\/\">Arla Plast AB | European leading supplier of extruded sheets<\/a><\/td><\/tr><tr><td><img loading=\"lazy\" decoding=\"async\" width=\"75\" height=\"99\" class=\"wp-image-554\" style=\"width: 75px;\" src=\"http:\/\/hckadan.cz\/wp-content\/uploads\/2020\/12\/dac712_0752f4f4a2e64976b27821cc38e4b8ae_mv2.png\" alt=\"\" srcset=\"https:\/\/hckadan.cz\/wp-content\/uploads\/2020\/12\/dac712_0752f4f4a2e64976b27821cc38e4b8ae_mv2.png 840w, https:\/\/hckadan.cz\/wp-content\/uploads\/2020\/12\/dac712_0752f4f4a2e64976b27821cc38e4b8ae_mv2-228x300.png 228w, https:\/\/hckadan.cz\/wp-content\/uploads\/2020\/12\/dac712_0752f4f4a2e64976b27821cc38e4b8ae_mv2-777x1024.png 777w, https:\/\/hckadan.cz\/wp-content\/uploads\/2020\/12\/dac712_0752f4f4a2e64976b27821cc38e4b8ae_mv2-768x1012.png 768w, https:\/\/hckadan.cz\/wp-content\/uploads\/2020\/12\/dac712_0752f4f4a2e64976b27821cc38e4b8ae_mv2-97x128.png 97w, https:\/\/hckadan.cz\/wp-content\/uploads\/2020\/12\/dac712_0752f4f4a2e64976b27821cc38e4b8ae_mv2-24x32.png 24w\" sizes=\"auto, (max-width: 75px) 100vw, 75px\" \/><\/td><td class=\"has-text-align-center\" data-align=\"center\"><a href=\"https:\/\/www.kr-ustecky.cz\/\">\u00dasteck\u00fd kraj<\/a><\/td><\/tr><tr><td><img loading=\"lazy\" decoding=\"async\" width=\"75\" height=\"86\" class=\"wp-image-553\" style=\"width: 75px;\" src=\"http:\/\/hckadan.cz\/wp-content\/uploads\/2020\/12\/Coat_of_arms_of_Kadan.png\" alt=\"\" srcset=\"https:\/\/hckadan.cz\/wp-content\/uploads\/2020\/12\/Coat_of_arms_of_Kadan.png 436w, https:\/\/hckadan.cz\/wp-content\/uploads\/2020\/12\/Coat_of_arms_of_Kadan-262x300.png 262w, https:\/\/hckadan.cz\/wp-content\/uploads\/2020\/12\/Coat_of_arms_of_Kadan-112x128.png 112w, https:\/\/hckadan.cz\/wp-content\/uploads\/2020\/12\/Coat_of_arms_of_Kadan-28x32.png 28w\" sizes=\"auto, (max-width: 75px) 100vw, 75px\" \/><\/td><td class=\"has-text-align-center\" data-align=\"center\"><a href=\"https:\/\/www.mesto-kadan.cz\/\">M\u011bsto Kada\u0148 &#8211; Kada\u0148 m\u011bsto (mesto-kadan.cz)<\/a><\/td><\/tr><\/tbody><\/table><\/figure>\n\n\n<div class=\"gs_logo_area slider1\"><div class=\"gs_logo_container\" data-options=\"{slideMargin:5,speed:'1500',auto:'1',autoReload:true,autoHover:true, pager:false, maxSlides:'6',moveSlides:'1',controls:'1',useCSS:false}\" data-breaks=\"[{screen:320, slides:'6'},{screen:460, slides:'6'},{screen:768, slides:'6'},{screen:1024, slides:'6'}]\"><div class=\"gs_logo_single\"><a href=\"https:\/\/agenturasport.cz\/\" target=\"_blank\"><img decoding=\"async\" src=\"https:\/\/hckadan.cz\/wp-content\/uploads\/2023\/05\/agentura_logo-p8upty0pah8ikjv5vx5rcofm1tmv14o2tb8w7tfu9s-1.png\" alt=\"\" title=\"N\u00e1rodn\u00ed sportovn\u00ed agentura\" ><\/a><\/div><div class=\"gs_logo_single\"><a href=\"http:\/\/www.petromstavby.cz\/\" target=\"_blank\"><img decoding=\"async\" src=\"https:\/\/hckadan.cz\/wp-content\/uploads\/2020\/12\/petrom-logo.png\" alt=\"\" title=\"PETROM stavby a.s.\" ><\/a><\/div><div class=\"gs_logo_single\"><a href=\"https:\/\/www.kr-ustecky.cz\/\" target=\"_blank\"><img decoding=\"async\" src=\"https:\/\/hckadan.cz\/wp-content\/uploads\/2020\/12\/Image.png\" alt=\"\" title=\"\u00dasteck\u00fd Kraj\" ><\/a><\/div><div class=\"gs_logo_single\"><a href=\"https:\/\/www.joy-sports.cz\/\" target=\"_blank\"><img decoding=\"async\" src=\"https:\/\/hckadan.cz\/wp-content\/uploads\/2020\/12\/logo-1.png\" alt=\"\" title=\"Joy Sports\" ><\/a><\/div><div class=\"gs_logo_single\"><a href=\"http:\/\/www.ukarla-kadan.cz\/\" target=\"_blank\"><img decoding=\"async\" src=\"https:\/\/hckadan.cz\/wp-content\/uploads\/2020\/12\/logo.png\" alt=\"\" title=\"Pension &#038; Restaurant U Karla IV.\" ><\/a><\/div><div class=\"gs_logo_single\"><a href=\"https:\/\/www.ktkadan.cz\/\" target=\"_blank\"><img decoding=\"async\" src=\"https:\/\/hckadan.cz\/wp-content\/uploads\/2020\/12\/logo3.png\" alt=\"\" title=\"KT Kada\u0148\" ><\/a><\/div><div class=\"gs_logo_single\"><a href=\"https:\/\/www.mesto-kadan.cz\/\" target=\"_blank\"><img decoding=\"async\" src=\"https:\/\/hckadan.cz\/wp-content\/uploads\/2020\/12\/stazeny-soubor-e1685458874149.png\" alt=\"\" title=\"M\u011bsto Kada\u0148\" ><\/a><\/div><\/div><\/div>\n\n\n\n<p><\/p>\n","protected":false},"excerpt":{"rendered":"<p>D\u011bkujeme V\u00e1m za podporu! PETROM stavby a.s. Internet &#8211; Televize &#8211; R\u00e1dio | KT Kada\u0148 [&hellip;]<\/p>\n","protected":false},"author":1,"featured_media":0,"parent":0,"menu_order":0,"comment_status":"closed","ping_status":"closed","template":"","meta":{"ngg_post_thumbnail":0,"footnotes":""},"class_list":["post-227","page","type-page","status-publish","hentry"],"_links":{"self":[{"href":"https:\/\/hckadan.cz\/index.php\/wp-json\/wp\/v2\/pages\/227","targetHints":{"allow":["GET"]}}],"collection":[{"href":"https:\/\/hckadan.cz\/index.php\/wp-json\/wp\/v2\/pages"}],"about":[{"href":"https:\/\/hckadan.cz\/index.php\/wp-json\/wp\/v2\/types\/page"}],"author":[{"embeddable":true,"href":"https:\/\/hckadan.cz\/index.php\/wp-json\/wp\/v2\/users\/1"}],"replies":[{"embeddable":true,"href":"https:\/\/hckadan.cz\/index.php\/wp-json\/wp\/v2\/comments?post=227"}],"version-history":[{"count":12,"href":"https:\/\/hckadan.cz\/index.php\/wp-json\/wp\/v2\/pages\/227\/revisions"}],"predecessor-version":[{"id":1424,"href":"https:\/\/hckadan.cz\/index.php\/wp-json\/wp\/v2\/pages\/227\/revisions\/1424"}],"wp:attachment":[{"href":"https:\/\/hckadan.cz\/index.php\/wp-json\/wp\/v2\/media?parent=227"}],"curies":[{"name":"wp","href":"https:\/\/api.w.org\/{rel}","templated":true}]}}